emainder when 1531 is divided by 254?
7
Calculate the remainder when 519 is divided by 65.
64
What is the remainder when 164 is divided by 12?
8
Calculate the remainder when 1377 is divided by 92.
89
Calculate the remainder when 483 is divided by 33.
21
Calculate the remainder when 924 is divided by 130.
14
Calculate the remainder when 68 is divided by 37.
31
What is the remainder when 544 is divided by 158?
70
What is the remainder when 485 is divided by 258?
227
Calculate the remainder when 696 is divided by 15.
6
Calculate the remainder when 1883 is divided by 46.
43
What is the remainder when 75070 is divided by 24?
22
What is the remainder when 237 is divided by 14?
13
What is the remainder when 1241 is divided by 11?
9
What is the remainder when 110 is divided by 14?
12
Calculate the remainder when 219 is divided by 17.
15
Calculate the remainder when 1454 is divided by 91.
89
Calculate the remainder when 1063 is divided by 76.
75
What is the remainder when 19174 is divided by 17?
15
What is the remainder when 57 is divided by 20?
17
Calculate the remainder when 334 is divided by 94.
52
What is the remainder when 301 is divided by 14?
7
Calculate the remainder when 205 is divided by 77.
51
What is the remainder when 15531 is divided by 49?
47
What is the remainder when 428 is divided by 24?
20
What is the remainder when 126 is divided by 50?
26
Calculate the remainder when 66 is divided by 12.
6
Calculate the remainder when 252 is divided by 32.
28
What is the remainder when 195 is divided by 28?
27
Calculate the remainder when 1679 is divided by 40.
39
What is the remainder when 217 is divided by 16?
9
What is the remainder when 17 is divided by 10?
7
What is the remainder when 4759 is divided by 68?
67
Calculate the remainder when 1827 is divided by 182.
7
Calculate the remainder when 473 is divided by 14.
11
Calculate the remainder when 452 is divided by 76.
72
Calculate the remainder when 379 is divided by 179.
21
What is the remainder when 259 is divided by 68?
55
Calculate the remainder when 6811 is divided by 47.
43
What is the remainder when 1104 is divided by 53?
44
Calculate the remainder when 1478 is divided by 124.
114
Calculate the remainder when 457 is divided by 56.
9
What is the remainder when 3517 is divided by 80?
77
What is the remainder when 83 is divided by 12?
11
What is the remainder when 679 is divided by 76?
71
What is the remainder when 952 is divided by 121?
105
Calculate the remainder when 537 is divided by 15.
12
Calculate the remainder when 230 is divided by 77.
76
What is the remainder when 644 is divided by 21?
14
What is the remainder when 446 is divided by 111?
2
What is the remainder when 1284 is divided by 117?
114
What is the remainder when 985 is divided by 47?
45
Calculate the remainder when 149 is divided by 8.
5
What is the remainder when 2997 is divided by 232?
213
Calculate the remainder when 2637 is divided by 80.
77
What is the remainder when 12 is divided by 8?
4
Calculate the remainder when 107 is divided by 78.
29
What is the remainder when 10182 is divided by 12?
6
What is the remainder when 25347 is divided by 26?
23
Calculate the remainder when 202 is divided by 104.
98
Calculate the remainder when 1402 is divided by 117.
115
What is the remainder when 1168 is divided by 9?
7
What is the remainder when 194 is divided by 65?
64
What is the remainder when 214 is divided by 43?
42
What is the remainder when 1868 is divided by 188?
176
Calculate the remainder when 19434 is divided by 93.
90
Calculate the remainder when 207 is divided by 19.
17
Calculate the remainder when 995 is divided by 123.
11
What is the remainder when 700 is divided by 113?
22
What is the remainder when 300 is divided by 40?
20
Calculate the remainder when 637 is divided by 20.
17
Calculate the remainder when 3065 is divided by 1519.
27
Calculate the remainder when 4350 is divided by 2169.
12
Calculate the remainder when 85 is divided by 80.
5
What is the remainder when 6284 is divided by 48?
44
Calculate the remainder when 776 is divided by 41.
38
What is the remainder when 1815 is divided by 18?
15
Calculate the remainder when 203 is divided by 37.
18
What is the remainder when 6173 is divided by 65?
63
What is the remainder when 2706 is divided by 21?
18
Calculate the remainder when 1205 is divided by 31.
27
What is the remainder when 89 is divided by 32?
25
Calculate the remainder when 321 is divided by 189.
132
What is the remainder when 21964 is divided by 191?
190
What is the remainder when 2594 is divided by 15?
14
What is the remainder when 18 is divided by 3?
0
Calculate the remainder when 392 is divided by 12.
8
Calculate the remainder when 632 is divided by 240.
152
What is the remainder when 15 is divided by 2?
1
Calculate the remainder when 696 is divided by 32.
24
Calculate the remainder when 542 is divided by 6.
2
What is the remainder when 48 is divided by 12?
0
What is the remainder when 703 is divided by 46?
13
Calculate the remainder when 2212 is divided by 123.
121
What is the remainder when 699 is divided by 16?
11
Calculate the remainder when 2495 is divided by 69.
11
Calculate the remainder when 138 is divided by 31.
14
What is the remainder when 476 is divided by 22?
14
Calculate the remainder when 94 is divided by 89.
5
Calculate the remainder when 1361 is divided by 448.
17
What is the remainder when 106 is divided by 58?
48
Calculate the remainder when 6525 is divided by 34.
31
Calculate the remainder when 7850 is divided by 20.
10
Calculate the remainder when 4008 is divided by 118.
114
What is the remainder when 1085 is divided by 19?
2
Calculate the remainder when 1254 is divided by 30.
24
Calculate the remainder when 109 is divided by 9.
1
Calculate the remainder when 254 is divided by 123.
8
What is the remainder when 1329 is divided by 35?
34
What is the remainder when 267 is divided by 29?
6
What is the remainder when 579 is divided by 65?
59
Calculate the remainder when 553 is divided by 18.
13
Calculate the remainder when 536 is divided by 138.
122
What is the remainder when 106 is divided by 98?
8
What is the remainder when 733 is divided by 42?
19
Calculate the remainder when 96 is divided by 21.
12
Calculate the remainder when 87 is divided by 24.
15
What is the remainder when 4949 is divided by 25?
24
Calculate the remainder when 291 is divided by 220.
71
What is the remainder when 558 is divided by 14?
12
What is the remainder when 628 is divided by 79?
75
What is the remainder when 159 is divided by 12?
3
Calculate the remainder when 531 is divided by 92.
71
Calculate the remainder when 524 is divided by 25.
24
Calculate the remainder when 1874 is divided by 93.
14
What is the remainder when 326 is divided by 112?
102
Calculate the remainder when 35 is divided by 6.
5
What is the remainder when 121 is divided by 58?
5
Calculate the remainder when 579 is divided by 10.
9
Calculate the remainder when 44 is divided by 17.
10
What is the remainder when 33 is divided by 8?
1
What is the remainder when 168 is divided by 47?
27
Calculate the remainder when 202 is divided by 30.
22
Calculate the remainder when 3956 is divided by 18.
14
Calculate the remainder when 305 is divided by 14.
11
What is the remainder when 139 is divided by 16?
11
Calculate the remainder when 373 is divided by 47.
44
Calculate the remainder when 1047 is divided by 1046.
1
What is the remainder when 1363 is divided by 65?
63
What is the remainder when 652 is divided by 14?
8
What is the remainder when 684 is divided by 29?
17
What is the remainder when 291 is divided by 32?
3
What is the remainder when 910 is divided by 57?
55
Calculate the remainder when 218 is divided by 57.
47
What is the remainder when 182 is divided by 105?
77
Calculate the remainder when 262 is divided by 33.
31
Calculate the remainder when 208 is divided by 53.
49
Calculate the remainder when 203 is divided by 56.
35
Calculate the remainder when 2122 is divided by 141.
7
Calculate the remainder when 162 is divided by 18.
0
Calculate the remainder when 346 is divided by 29.
27
Calculate the remainder when 103 is divided by 80.
23
Calculate the remainder when 541 is divided by 70.
51
Calculate the remainder when 3492 is divided by 60